ivative of s**3/6 - 11*s**2/2 + s. Let f = 31280 + -31280. Give p(f).
-11
Let n = -32285 + 50381. Let i(m) = -18097*m**2 + 3 - 2 + n*m**2 + 5*m. Let d be 1 + 2*2 + 1. Give i(d).
-5
Suppose 5*i = 6 - 31. Let g(v) be the third derivative of v**6/120 + v**5/12 + v**4/12 - 22*v**2 + 68*v. Give g(i).
-10
Suppose -6*p + 30 = -0*p. Suppose -5 - p = -5*l. Let f(h) = 6*h + 11*h**2 - 5*h**l + 6 + 0*h**2 - 7*h**2. What is f(6)?
6
Suppose 568 = -3*s + 136. Let m be (s/54)/(2*2/(-6)). Let y(i) = -3 + 6*i**2 + 3 - m*i + 5 - 8*i**2. Determine y(-4).
-11
Let w(k) = 3*k + 9. Let f(b) = b. Let n be (7 - (5 - 0))*-1. Let i(r) = n*f(r) + 2*w(r). Determine i(-9).
-18
Let l = 26068 - 26065. Let c(k) be the first derivative of -5/2*k**2 - 1/3*k**l - 52 + 6*k. Give c(-8).
-18
Let n(o) be the first derivative of -o**3/3 + 3*o**2 - 7*o - 2. Let v(k) = 61*k + 42*k - 18 - 33*k + 211 + 303. Let x be v(-7). Calculate n(x).
-7
Let h(i) = 587*i**2 - 584*i**2 + 4*i - 41 - 40 - 46 + 122. Give h(3).
34
Let f(x) = 7*x + 46. Let a(i) = 10*i + 47. Let g(l) = -2*a(l) + 3*f(l). Calculate g(-9).
35
Let z(t) be the first derivative of -4*t**3/3 - 5*t**2/2 + 6*t - 73. Let u be z(1). Let r(c) = -c**3 - 2*c**2 + c + 4. Calculate r(u).
10
Suppose 0 = -10*h - h + 22. Let f(x) = x**2. Let d(m) = 21*m**2 - m. Let w(z) = h*f(z) - d(z). Determine w(-1).
-20
Let k(y) = -4*y + 10. Suppose -3 + 26 = 5*r - 2*b, 0 = 2*r + b - 11. Let o be k(r). Let i(m) = -m**2 - 11*m. Determine i(o).
10
Let t(n) = 8 - 7*n + 1218*n**2 + 0*n - 1217*n**2. Let d be t(4). Let j(y) be the third derivative of y**4/12 + y**3/3 + 3*y**2. Calculate j(d).
-6
Suppose -18*f + 14*f + 48 = 0. Let m(j) = j**3 - 14*j**2 + 21*j + 40. Determine m(f).
4
Suppose -27*x + 26*x + 24 = q, q - 1 = 0. Let s(p) be the first derivative of -1/4*p**4 - 2/3*p**3 - x + 3/2*p**2 + 3*p. Calculate s(-3).
3
Let i(h) = -h**2 - h - 3. Let v be i(0). Let d be 24/9*(-231)/(-44). Let r(l) = -2*l**3 + 3*l**3 + 4 + 3*l**2 + 8*l + d*l - 19*l. What is r(v)?
-5
Let t(m) be the second derivative of -m**3/6 + 2*m**2 + 5*m. Let i be t(2). Let a(v) = -2 - 19*v**3 + 4*v**i + 0*v - 2*v + 18*v**3. Calculate a(3).
1
Let t(i) be the first derivative of 2*i**3/3 - 3*i**2 + 13*i - 6. Let l be t(6). Let x = l - 44. Let g(m) = m**3 - 4*m**2 - 3. Calculate g(x).
22
Suppose -5*q = 15*d - 17*d - 7, 3*d = 12. Let w(n) = 24 - 83 - q*n + 24 + 34. Suppose 0 = -t - 0*t - 2, -4*b + 2*t = 0. Calculate w(b).
2
Suppose -5*g - 3*l + 39 = 0, 5*g - 5*l - 15 = -0*l. Let p = g + 0. Let j(v) be the second derivative of v**3/3 - v**2/2 - 3*v + 75. Give j(p).
11
Let u(v) = -6*v**2 - 5*v + 3. Let z(m) = 5*m**2 + 4*m - 3. Let g(f) = 4*u(f) + 5*z(f). Suppose -13*i + 57 = 18. What is g(i)?
6
Let k(n) = -n + 2 + 0*n + n - n. Let b(j) = 3*j**2 + 3*j + 8. Let t(s) = 6*s**2 + 7*s + 15. Let u(r) = 5*b(r) - 3*t(r). Let p be u(-2). Determine k(p).
7
Let q(i) = -i**3 - 6*i**2 - 7. Let z(b) = -b**3 + 4*b**2 - 2. Let l be z(2). Suppose -2*t + 3*p - 23 = 0, 6*t - 5*p - l = 9*t. Give q(t).
42
Let o(i) = -i**2 + 12*i - 5. Let x(r) = r**3 + 3*r**2 + 11*r + 45. Let b be x(-3). Give o(b).
-5
Let h(m) = -1 - 12*m**2 - 32*m**2 + 18*m**2 + 2*m. Let x be 80/(-200) + 7/5. What is h(x)?
-25
Let l = 1644 - 1650. Let n(v) = v**2 + 5*v + 4. Give n(l).
10
Let t(m) = -m**3 + 81*m**2 - 514*m - 242. Let w be t(74). Let j(b) = 2*b**2 - 104*b - 215. Give j(w).
1
Let u(l) = -l**2 + 16*l - 3. Suppose -16*q = -1291 - 149. Let r be 3/(q/(-32) + 3). Determine u(r).
-3
Let i be -55 + (3 - 6) + 2. Let r = i + 61. Suppose 26 = -j + r*j - 5*d, -4*d + 12 = 5*j. Let t(w) = w + 3. Give t(j).
7
Suppose -b = -4*i + 11, -3*i - 106*b = -108*b - 2. Let r(q) = 11*q - 35. Calculate r(i).
9
Let p(u) = u**3 + 7*u**2 + 3*u - 6. Let w be p(-6). Suppose -5*d = -22 + w. Let b(l) = -l**2 - d*l + 1 - 7*l + 5*l + l. Calculate b(-4).
-3
Let l(n) = -37*n**2 - 13. Let i = 111 - 120. Let d(t) = -9*t**2 - 3. Let a(m) = i*d(m) + 2*l(m). Let c(g) = -2*g**2 + 26*g - 23. Let b be c(12). Determine a(b).
8
Let v(t) be the first derivative of t**4/4 - 31*t**3/3 - 31*t**2/2 - 39*t - 3492. Determine v(32).
-7
Let r(b) be the first derivative of -b**4/4 - b**3/3 - b**2/2 - 7*b + 1407. Calculate r(-3).
14
Let i(k) = -44*k + 354. Suppose -4*z = 4*n - 165 + 137, n = -1. Calculate i(z).
2
Let r(i) = -i**3 + 6*i**2 + 10*i - 6. Let n(v) = -12*v**2 + 388*v**3 - 195*v**3 + 17 - 6*v - 12*v - 5 - 191*v**3. Let y(j) = -6*n(j) - 11*r(j). What is y(5)?
9
Let p(h) = -8*h**2 - 700*h + 343. Let z be p(-88). Let l(s) = -7*s - 80. Determine l(z).
-17
Suppose 0 = -290*p - 397 - 473. Let h be (1 - -1)*1 + 0. Let y(d) = h*d**2 - 2*d**2 + 1 - 2*d - d**2 + 3. Give y(p).
1
Let r(a) = -7*a. Let c(t) = 76*t + 24. Let m(q) = c(q) + 12*r(q). Determine m(12).
-72
Let i(q) = -q**2 + 1. Let v = -41 + 46. Suppose -k + v*k - 70 = 2*x, -x - 55 = -3*k. Suppose -2*l = 4*m + 18, 5 = -5*l + 2*m + k. Calculate i(l).
0
Let x(f) = -f**3 - 9*f**2 + 7*f - 6. Suppose -2*h - 6 = 4*i, -8 = -4*h - 20*i + 16*i. Suppose 2*g + 18 = h*r - 8*r, -3*r = -6. Determine x(g).
24
Suppose -2*q = 19 - 127. Suppose -161 = -3*l + 2*b, -q = -4*l - 2*b + 142. Let x = 57 - l. Let i(g) = 2*g - 7. Determine i(x).
5
Suppose -5*a - 10 = -4*z, -3*a + 37 = 5*z + 6. Let y(w) = 14*w + 20*w - a - 31*w + 3*w**2. Let q be y(1). Let x(n) = 3*n - 5. Determine x(q).
7
Suppose -4*m + 5*r = -17, -5*m + 25 = -5*r + 5. Let v(k) = k**3 + 3*k - 3*k**2 - 3 + 8*k - 9*k. What is v(m)?
3
Let m(w) = w**2 + 6*w. Let g be 813*(-5 - 3)/(-24). Let r = -275 + g. Calculate m(r).
-8
Let g(z) = -10*z - 26. Let o = -2800 + 2795. Give g(o).
24
Let d(g) = -g + 14. Suppose 6 = -p + 112. Let y = p - 97. What is d(y)?
5
Let n = 241 - 119. Suppose -125*d - 84 = -n*d. Let g be (9/3 - -9)*(-7)/d. Let z(a) = 4*a - 3. Give z(g).
9
Let w = -401 + 405. Suppose -2*b + w*n = 6 + 28, b + 3*n - 3 = 0. Let u(h) = h**3 + 8*h**2 - 8*h + 3. Give u(b).
-6
Let u be (4 - (-22)/(-4))/((-1)/(-2)). Let o be (-1)/u + 0 + (-52)/(-6). Let b(c) = c**2 - 9*c + 5. Calculate b(o).
5
Let r(f) = -f**2 - 9*f - 3. Let x be (((-28)/8 - -2)*4)/(-3). Let k be ((-24)/(-3))/(8 - (x - -7)). Calculate r(k).
5
Let s(b) = 4*b**2 + 3*b + 4. Suppose -3*m - 2 = -m. Let l(g) = -7 - 13 - 6 + 34 - g**2 - 9. Let v(p) = m*s(p) - 3*l(p). Calculate v(-4).
-5
Suppose 0 = -6*d + 7*d - 2. Let i(k) = 0*k - 4 + 4 - 6 - d*k. Determine i(5).
-16
Let c(g) = -15*g - 17. Let w(f) = -7*f - 8. Let l(b) = -4*c(b) + 9*w(b). Suppose -k = -5*h - 938, -4*h - 5*k - 178 = 555. Let x = h - -183. Give l(x).
8
Let q(b) = -b**2 + 26*b - 5. Let h = -13 - -18. Suppose -5*x + 135 = h*r, 3*x = 4*r + 22 + 52. Let u be q(x). Let n(y) = 2*y + 4. Determine n(u).
-6
Let w(h) = h**2 - 3*h + 1. Let j(b) = -b**3 + 3*b**2 + 15*b - 16. Let p(g) = -j(g) - 5*w(g). Give p(8).
11
Let d(s) = 5*s**3 - 3*s**2 + 3*s + 15. Let w(c) = 2*c**3 - c**2 + c + 7. Let g(o) = 3*d(o) - 7*w(o). Let n be 5 - ((-72)/(-480)*-5 - 33/(-12)). What is g(n)?
11
Suppose 12 = 2*p + 3*k, 0*k - k = -2. Let i(u) = u - 6*u - 1 - 2*u - 12*u**2 - 4*u - u**p. Determine i(-11).
-1
Let p be 290/(-87)*6/5. Let f(g) be the first derivative of -g**4/4 - g**3/3 + 3*g**2/2 - 3*g - 17. Give f(p).
33
Let g be -3 + (7 - 4) - -4. Suppose 0 = -5*s + g + 21. Let m(t) = 4*t - 2 - 5*t + s*t - t**2. Give m(3).
1
Let z(a) be the second derivative of 3*a**3/2 - 12*a**2 + 12*a - 24. What is z(10)?
66
Suppose -g = 3*z - 6*g - 345, -2*g + 544 = 5*z. Suppose -5*v + 5*s - z = 0, -s + 2*s - 94 = 4*v. Let q = -18 - v. Let l(n) = -n**2 + 3*n - 3. What is l(q)?
-21
Let b(z) = -29*z + 4*z**2 + 5*z**2 - 9*z**2 + 9 - 3*z**2. Let f be b(-10). Let x(c) = -13*c**3 - 2*c**2 + 1. Determine x(f).
12
Suppose 0 = -3*q - 5*z + z + 26, -3*q = z - 20. Let o(h) = -h**2 - 9*h - 6. Let p be o(-8). Let s(x) = -2*x**p + 3*x**2 - 3*x - 2*x**2 + 6*x. Determine s(q).
-18
Let z(q) = 6*q - 36. Let h(j) = j - 7. Let m(c) = 11*h(c) - 2*z(c). Suppose 20 = -5*k + 3*k. Let v be (8 + -13)*(-6)/k. What is m(v)?
-2
Let f(q) = 2*q**2 - q - 1. Let m = 6 + -4. Let w(p) = 1 + p**m + p + 0*p**2 - 4 + 2. Let s(i) = f(i) - 3*w(i). Calculate s(-4).
2
Let f(j) = -569054*j + 2*j**2 - j**2 + 36 + 569033*j. Calculate f(20).
16
Let b(c) = 25*c. Let z be (-4 + ((-108)/(-21) - 2))*-7. Suppose -z*d + 9 = 3*d. Determine b(d).
25
Let c(i) be the first derivative o